{"id":132,"date":"2026-02-09T22:38:54","date_gmt":"2026-02-09T22:38:54","guid":{"rendered":"https:\/\/accesorioscris.com\/?post_type=product&#038;p=132"},"modified":"2026-02-09T22:38:54","modified_gmt":"2026-02-09T22:38:54","slug":"toallitas-desmaquillantes-celavi","status":"publish","type":"product","link":"https:\/\/accesorioscris.com\/index.php\/producto\/toallitas-desmaquillantes-celavi\/","title":{"rendered":"Toallitas Desmaquillantes Celavi"},"content":{"rendered":"<p>Son toallitas faciales prehumedecidas dise\u00f1adas para eliminar suavemente el maquillaje, la suciedad, el aceite y las impurezas de la piel sin irritarla. Son suaves y pr\u00e1cticas para el uso diario, ideales tanto para retirar maquillaje al final del d\u00eda como para una limpieza r\u00e1pida cuando est\u00e1s fuera de casa.<\/p>\n","protected":false},"excerpt":{"rendered":"<p>Son toallitas faciales prehumedecidas dise\u00f1adas para eliminar suavemente el maquillaje, la suciedad, el aceite y las impurezas de la piel sin irritarla. Son suaves y pr\u00e1cticas para el uso diario,&hellip;<\/p>\n","protected":false},"featured_media":133,"comment_status":"open","ping_status":"closed","template":"","meta":[],"product_brand":[],"product_cat":[20],"product_tag":[],"class_list":{"0":"post-132","1":"product","2":"type-product","3":"status-publish","4":"has-post-thumbnail","6":"product_cat-maquillaje","8":"first","9":"instock","10":"shipping-taxable","11":"purchasable","12":"product-type-simple"},"jetpack_sharing_enabled":true,"_links":{"self":[{"href":"https:\/\/accesorioscris.com\/index.php\/wp-json\/wp\/v2\/product\/132","targetHints":{"allow":["GET"]}}],"collection":[{"href":"https:\/\/accesorioscris.com\/index.php\/wp-json\/wp\/v2\/product"}],"about":[{"href":"https:\/\/accesorioscris.com\/index.php\/wp-json\/wp\/v2\/types\/product"}],"replies":[{"embeddable":true,"href":"https:\/\/accesorioscris.com\/index.php\/wp-json\/wp\/v2\/comments?post=132"}],"wp:featuredmedia":[{"embeddable":true,"href":"https:\/\/accesorioscris.com\/index.php\/wp-json\/wp\/v2\/media\/133"}],"wp:attachment":[{"href":"https:\/\/accesorioscris.com\/index.php\/wp-json\/wp\/v2\/media?parent=132"}],"wp:term":[{"taxonomy":"product_brand","embeddable":true,"href":"https:\/\/accesorioscris.com\/index.php\/wp-json\/wp\/v2\/product_brand?post=132"},{"taxonomy":"product_cat","embeddable":true,"href":"https:\/\/accesorioscris.com\/index.php\/wp-json\/wp\/v2\/product_cat?post=132"},{"taxonomy":"product_tag","embeddable":true,"href":"https:\/\/accesorioscris.com\/index.php\/wp-json\/wp\/v2\/product_tag?post=132"}],"curies":[{"name":"wp","href":"https:\/\/api.w.org\/{rel}","templated":true}]}}